(-19 + 13 - 2).
3
What is -1 - (0 + -10 - -19)?
-10
-3 - -3 - (1 - 0) - (7 + -9)
1
What is -4 + 14 + (-6 + 7 - 7)?
4
0 + 10 + (3 - 8) + -7
-2
-35 - (0 + 2) - ((8 - 16) + -2)
-27
What is -51 - (-12 + -6 + -8)?
-25
Calculate 5 + (13 - (-8 + 0 + 8 + 5)).
13
Calculate 11 + 9 + -18 - -3.
5
What is the value of 3 + (-10 - -15) + -12?
-4
What is 5 + 3 + (-7 + (10 - -3) - 16)?
-2
Calculate -26 + 25 + -15 + 9.
-7
What is (32 - (-22 + 18)) + -3?
33
Evaluate 1 + (5 + -8 - -2 - 10).
-10
Evaluate -6 + 5 - -2 - (-9 - -3).
7
What is the value of -40 - -25 - -8 - -27?
20
Evaluate 6 + (-1 - (3 + -11)) + -19.
-6
(-54 - -54) + 1 + (-1 - 2) - 1
-3
-5 + (0 - (-13 - -3)) + -47 + 64
22
Calculate -85 + 77 + 0 + 12.
4
(7 - 8) + -8 - -11
2
What is the value of 1 + 45 - (-20 - (-60 + 25))?
31
22 - (-6 + (3 - -11))
14
What is the value of 2 + 40 - (-235 - -262)?
15
What is the value of (-5 - -6 - (6 + -2)) + 9?
6
Evaluate 214 - 210 - (-2 + -20 - (-9 + 7)).
24
What is the value of 60 - 65 - (-4 - -6)?
-7
Calculate -4 + (-12 - -12 - 10) - (-6 + 0).
-8
Calculate 20 + 13 + -10 - 7.
16
What is the value of (-2 - -5 - (11 + -3 + -2)) + 8?
5
What is the value of 1 + 7 - 17 - (-11 + 10)?
-8
Calculate (-4 - -4) + (64 - 66).
-2
What is the value of 13 + ((4 - 5) + -14 - -14)?
12
What is the value of 17 + 0 + 1 + -80 + 69?
7
Evaluate (0 - -1) + 35 + -23 + -5.
8
What is 26 + -3 + -20 - 9?
-6
What is the value of 17 + -11 + 4 - -5?
15
What is 57 + -27 + (-51 - -1)?
-20
What is the value of 7 + -8 - (1 + (-1 + -3 - 5))?
7
What is the value of 3 - (-16 - (17 - 27))?
9
Evaluate 15 + -26 + -7 + 3.
-15
What is -678 - -676 - (-26 - (-3 - -1 - 0))?
22
Calculate 9 + (3 - -1 - 8) + -11 + 1.
-5
Evaluate -3 + (37 - (81 + -22)).
-25
Calculate -2 + (1 + 16 + 9 - 9).
15
What is the value of -7 - 22 - (-14 + (15 - 14))?
-16
(-10 - (-3 - -2)) + (67 - (-71 - -145))
-16
Calculate (-11 - (7 + -8) - 0) + 3 - -43.
36
Evaluate -1 + -2 + (-14 - 18) + 11.
-24
-17 - ((-11 + 9 - (7 + -1)) + 6)
-15
What is the value of -6 - 1 - 4 - -9 - (-2 - 0)?
0
What is 3 - (16 - 0 - 6)?
-7
What is the value of -11 + -11 - -11 - -21?
10
What is the value of (57 - 38) + (4 - 0) + -13?
10
What is (-1 - (-10 - -2 - (3 + -6))) + -4?
0
Calculate (3 - 7) + 1 + 6 + -21.
-18
2 + (-1 - -3 - -2) + -39 + 24
-9
What is 5 - -3 - (-2 - (-3 + 5 + -5))?
7
2 - 13 - (4 + (2 - 6))
-11
What is the value of (7 - 15) + -35 - -39?
-4
Evaluate (-51 - -56) + -8 + 15.
12
What is -4 - ((-1 - (-10 - -8)) + 1)?
-6
16 + (112 - 103) + 0 + -1
24
Evaluate (-1 - -1 - (18 - (-16 + 26))) + 15.
7
Calculate 29 + (-22 - -8) + -30.
-15
What is the value of -26 + (68 - 71 - (-13 - -1))?
-17
(22 - 13 - 35) + (4 - (3 - 2))
-23
Evaluate -9 - (-8 + 19 + -22 + 0 + -2).
4
Calculate -10 + -2 + -2 + (9 - 2) - -24.
17
Calculate (6 - 10) + -8 + 6.
-6
Evaluate -5 + -24 - (7 - ((4 - -4) + 2)).
-26
Calculate 7 + 2 - 6 - 1.
2
Evaluate 13 - (6 - (-23 - (6 + -13))).
-9
-4 + -13 + 10 + 15
8
What is 15 - (2 + (0 - 4) - 0)?
17
33 + (24 - 44) - (3 + -10)
20
What is the value of 8 - -1 - (-13 + (-33 - -55))?
0
Evaluate 8 + -11 + (3 - 3) - 21.
-24
-25 - (5 + -1 + 8 + -10)
-27
What is (9 - (10 + 6)) + (1 - -13) + 5?
12
Calculate (-3 - (6 - 8)) + -2 + 5 + 11.
13
Evaluate (8 - (1 - -2)) + 3 + 11.
19
What is the value of (2 - -1) + (6 - (5 + -2)) + 14?
20
-2 + (6 - -1 - 4) + (-3 - -5)
3
What is the value of 0 + (-1 + -7 - (3 - (-10 + 5)))?
-16
Evaluate -5 + (-5 - (-16 + 1 - 5)).
10
Evaluate 0 + -4 + -5 - 8.
-17
Calculate 5 + (28 - 5) - 11.
17
What is (38 - 4) + 1 + -19?
16
-24 - -19 - (-2 + -14)
11
What is the value of 30 + (29 - 65) + 15?
9
Calculate -3 + 5 + 16 + -2 + (-74 - -71).
13
What is the value of -39 + 1 + 8 - -15?
-15
0 + -4 + (48 - 54) + 8 + -7
-9
-656 - -625 - (-7 - -1)
-25
(27 + -14 - 19 - (-5 + -1)) + -8
-8
Evaluate 17 + (3 - (0 - 2) - 11).
11
Evaluate -22 + (-1 + 1 - ((8 - -2) + -1)).
-31
(-31 - (7 - 48)) + 21
31
Evaluate -21 - -12 - (8 - (11 + (10 - 20))).
-16
What is the value of -1 - (23 + -1 + -10 + -6)?
-7
What is 14 + (3 - 0) + 0 + (75 - 79)?
13
22 - (18 + -17 - -7)
14
(11 + -26 - -5) + 7 + -5
-8
What is the value of (-7 - (-8 + (0 - (-4 - -1)))) + 7?
5
What is -15 - (10 + -25 + 8 + -5)?
-3
What is 25 + 2 + (3 - -1) + 4 + -9?
26
What is the value of (-3 - (-9 - -4 - -3)) + 13?
12
Calculate -5 + (-8 - -3) - (25 + -35).
0
What is the value of 0 + (5 - -1 - (-1 + 15))?
-8
What is 488 + -479 - (1 - 0 - (4 + 0))?
12
Calculate (30 + -16 - 27) + 22.
9
-6 + -9 + (-9 - -25) + -1
0
What is (-28 - -41) + -20 - (3 - 8)?
-2
Calculate (-22 + (28 - 13) - (0 + 2)) + -5.
-14
14 + -33 + 3 + 21
5
Evaluate (-12 - (0 + -5)) + -15.
-22
Calculate (23 - 31) + (1 - -21) + 12 + -9.
17
Calculate (-5 - -8 - 1) + -1.
1
Evaluate -35 + (51 - -31) - 26.
21
What is (1 - 4 - (-5 + 5)) + (3 - -3)?
3
Evaluate (-30 - -26) + -7 + -5 + 5.
-11
What is -30 + 27 - (2 + 0 - 2)?
-3
Calculate 0 + (-9 + 10 - 1) + 2.
2
1 + 5 + (-21 - -10) + 13
8
Evaluate 33 + 10 + -20 - 7.
16
What is the value of 10 - (-8 + 18 + -9)?
9
Calculate 1 + (9 - (-7 - -14) - 2) + -2.
-1
What is 4 - (-8 - (11 - (-2 - 1 - -50)))?
-24
Calculate 9 + 11 + -10 + -1.
9
Calculate 5 - (-7 - -13 - -10).
-11
What is the value of (5 - (-3 + 6)) + (-15 - (1 - 5))?
-9
(0 - 4) + -5 - (-43 + 21)
13
Calculate 6 - (3 - (-1 - 1 - (-3 - 4))).
8
Calculate -11 + -2 - (-11 + (15 - 11 - 1)).
-5
Calculate -2 + -3 + -5 + -6 + (-24 - -24).
-16
Evaluate 1 + 4 - ((-2 - -21) + (26 - 25)).
-15
-2 + (6 + -24 + -4 - 0) - -7
-17
What is 1 - ((6 - 15) + 5) - (75 - 37)?
-33
Evaluate 0 + (-9 - (-10 + -4)) + -26.
-21
Evaluate -9 + 2 - (4 - (24 - 16)).
-3
11 + (8 - (-5 + 26) - 23)
-25
What is the value of (-4 - 1 - (21 + -18)) + 8?
0
(63 - 55) + -17 + (0 - 2)
-11
Calculate (5 + (-9 - -5) - 2) + 7.
6
What is the value of -37 + 7 + 8 + 4 + (-4 - 5)?
-27
What is the value of 9 + -24 - (-6 + 0)?
-9
What is -677 + 677 + (-1 + 0 + 1 - -5)?
5
What is 0 + (2 - 1) + (5 - 9)?
-3
What is 6 + (-8 - -10) + 0 + -10?
-2
Calculate 5 + (3 - (-18 + 26)).
0
What is the value of -4 + 9 + (15 - 15)?
5
What is 32 + (9 - 57) + (-5 - 0)?
-21
Evaluate 14 + -24 + 65 - 26.
29
(40 - (27 - -13)) + 20
20
What is -3 - (-10 + -14 + 31)?
-10
Evaluate 30 - 15 - (-9 - -8).
16
(5 - (4 - 5)) + (-2 - (20 + -4))
-12
What is the value of 7 + 7 + (6 - (1 - -14))?
5
What is 3 + (-5 - 2) + 12 + 4?
12
Evaluate 2 + -3 + -13 + (24 - (28 - 19)).
1
What is (-19 - -28 - (16 + 2)) + -2 + 5?
-6
What is -30 + 17 + (-15 - -8) - -11?
-9
-4 + -7 + 16 + -1 + 3
7
What is the value of 14 - ((1 - 0) + 4)?
9
What is -5 - ((1 - 3) + (2 - -2))?
-7
Evaluate -3 + (3 - (-10 - -7)) - 6.
-3
What is 6 + (2 + (9 - 2) - (-3 - -2))?
16
Evaluate -35 - -30 - -3 - -31.
29
What is -104 + 99 - (0 - 9) - -5?
9
What is 14 + 6 + 4 + -12?
12
Evaluate (-20 + 30 - -31) + -53.
-12
What is -15 - (-11 + (-13 + -4 - -17))?
-4
-1 - -5 - (13 - (-8 - -28)) - 19
-8
-13 + (-11 + 7 + 14 - 7)
-10
What is the value of -9 - -71 - (67 + -29)?
24
Calculate -20 - (18 + 0) - (-1 - 8).
-29
What is -7 - -5 - (3 + 2) - (-28 + 32)?
-11
What is (-1 - (9 - 11)) + 3?
4
Evaluate -22 + 20 - (1 + -8).
5
(32 - -14) + -53 + (0 - -13)
6
Evaluate (6 - -6 - (-3 + 6)) + (2 - 0).
11
Evaluate -3 - (5 + (30 - 41) - (1 - 19)).
-15
What is the value of -1 - -2 - (-33 + 31 + 7 + 0)?
-4
Calculate -1 + (3 - -2) - -1 - -10 - 6.
9
What is 4 + (-6 + 13 - -5 - 26)?
-10
What is (-5 - -24) + -19 - (0 + (3 - 0))?
-3
Evaluate (31 - 5) + (-37 - -25).
14
Calculate (3 - -5) + 23 + 21 + -59.
-7
(-2632 - -2639) + 1 + -43 + 1
-34
What is the value of 0 - 1 - 10 - (-45 + 36)?
-2
(-10 + 1 + 2 - (-47 - -69)) + 2
-27
-14 - ((30 - 93) + 25)
24
What is (0 - 4) + -1 - 18 - (2 + 2)?
-27
Calculate 40 - (68 + (32 - 76)).
16
8 + -4 + 1 + 2 + 6
13
What is the value of -14 + -15 + 23 + -1 + (-15 - 2)?
-24
Evaluate (164 - 136) + (-55 - 0).
-27
What is the value of 7 + (-2 - (6 + 1))?
-2
What is -19 - (5 - (-10 + 19))?
-15
What is the value of (1 - -17) + (24 - 90) + 67?
19
-13 + 4 + -21 + 19 + -21
-32
What is the value of 36 + -1 - (-2893 + 2918)?
10
What is the value of -10 + 6 + -22 + 18?
-8
-8 - ((-19 - -52) + -62)
21
What is (-17 - 0) + 321 + -303?
1
Calculate 28 + -48 + 15 + -2.
-7
Calculate (-2 - (-6 + 0)) + -8 + 6.
2
Evaluate (-10 - (19 + -36)) + -2 + -19.
-14
What is the value of 18 + -8 + (-18 - -8)?
0
What is 